{"id":104,"date":"2025-09-25T16:20:43","date_gmt":"2025-09-25T14:20:43","guid":{"rendered":"https:\/\/clinicamarlengo.it\/?page_id=104"},"modified":"2026-01-01T14:59:24","modified_gmt":"2026-01-01T13:59:24","slug":"dienstleistungen","status":"publish","type":"page","link":"https:\/\/clinicamarlengo.it\/?page_id=104&lang=de","title":{"rendered":"DE-Dienstleistungen"},"content":{"rendered":"\n<p class=\"has-text-color has-link-color has-large-font-size wp-elements-8b19c0f3ecd770b523dfbd79361823ff\" style=\"color:#88c645\"><strong><strong>Unsere Dienstleistungen rund um ihr Haustier<\/strong><\/strong><\/p>\n\n\n\n<p>In unserer Einrichtung werden alle Standardleistungen durchgef\u00fchrt \u2013 nicht nur allgemeine Untersuchungen, sondern auch fach\u00e4rztliche Untersuchungen wie: orthop\u00e4dische, kardiologische, otologische, dermatologische, augen\u00e4rztliche und neurologische Untersuchungen.<\/p>\n\n\n\n<p>Bitte kontaktieren Sie uns f\u00fcr einen Termin, um unn\u00f6tige Wartezeiten zu vermeiden.<\/p>\n\n\n\n<p class=\"has-text-color has-link-color has-medium-font-size wp-elements-a9ee298bcb5ac3fc13596e3b749ecffd\" style=\"color:#88c645\"><strong>Fach\u00e4rztliche Untersuchungen<\/strong><\/p>\n\n\n\n<blockquote class=\"wp-block-quote is-layout-flow wp-block-quote-is-layout-flow\">\n<p>Hunde<\/p>\n\n\n\n<p>Katzen<\/p>\n\n\n\n<p>Kaninchen<\/p>\n\n\n\n<p>Exotische Tiere<\/p>\n<\/blockquote>\n\n\n\n<p class=\"has-text-color has-link-color has-medium-font-size wp-elements-761e7eb157addbd4cf5b174b1aa37b02\" style=\"color:#88c645\"><strong>Impfungen<\/strong><\/p>\n\n\n\n<p class=\"has-text-color has-link-color has-medium-font-size wp-elements-cb350385fb909293de0ac7d2e13147e3\" style=\"color:#88c645\"><strong>Microchip<\/strong><\/p>\n\n\n\n<p class=\"has-text-color has-link-color has-medium-font-size wp-elements-7fa476ff6cf9070502f1d9ac97144276\" style=\"color:#88c645\"><strong>Laboruntersuchungen<\/strong><\/p>\n\n\n\n<blockquote class=\"wp-block-quote is-layout-flow wp-block-quote-is-layout-flow\">\n<p>Blut<\/p>\n\n\n\n<p>Urin<\/p>\n\n\n\n<p>Kot<\/p>\n\n\n\n<p>Histologische Untersuchung<\/p>\n\n\n\n<p>Mikroskopische Untersuchung<\/p>\n\n\n\n<p>Immunenzymatische Untersuchung zur Erkennung von Krankheiten<\/p>\n<\/blockquote>\n\n\n\n<p class=\"has-text-color has-link-color has-medium-font-size wp-elements-88d106261cff535fc837e862c78d3c8b\" style=\"color:#88c645\"><strong>Diagnostik<\/strong><\/p>\n\n\n\n<blockquote class=\"wp-block-quote is-layout-flow wp-block-quote-is-layout-flow\">\n<p>Digitale Radiologie<\/p>\n\n\n\n<p>Ultraschalluntersuchungen<\/p>\n<\/blockquote>\n\n\n\n<p class=\"has-text-color has-link-color has-medium-font-size wp-elements-98ed79d3febbe762253d8f752f384934\" style=\"color:#88c645\"><strong>Allgemeinchirurgie<\/strong><\/p>\n\n\n\n<blockquote class=\"wp-block-quote is-layout-flow wp-block-quote-is-layout-flow\">\n<p>Sterilisation<\/p>\n\n\n\n<p>Kastration<\/p>\n\n\n\n<p>Zahnbehandlungen<\/p>\n<\/blockquote>\n\n\n\n<p class=\"has-text-color has-link-color has-medium-font-size wp-elements-a14fefae09642559ffc54b2e277d67b2\" style=\"color:#88c645\"><strong>Spezialchirurgie<\/strong><\/p>\n\n\n\n<blockquote class=\"wp-block-quote is-layout-flow wp-block-quote-is-layout-flow\">\n<p>Hernien<\/p>\n\n\n\n<p>Onkologische Eingriffe<\/p>\n\n\n\n<p>Laparoskopische Eingriffe<\/p>\n<\/blockquote>\n\n\n\n<p class=\"has-text-color has-link-color has-medium-font-size wp-elements-bfe26250ad86c2f8ac4f30395a719e24\" style=\"color:#88c645\"><strong>Orthop\u00e4die<\/strong><\/p>\n\n\n\n<blockquote class=\"wp-block-quote is-layout-flow wp-block-quote-is-layout-flow\">\n<p>H\u00fcftdysplasie<\/p>\n\n\n\n<p>Ellbogendysplasie<\/p>\n\n\n\n<p>Osteosynthese bei Frakturen<\/p>\n\n\n\n<p>TPLO-Kreuzbandoperation<\/p>\n<\/blockquote>\n\n\n\n<p class=\"has-text-color has-link-color has-medium-font-size wp-elements-429a37de1b5c0b026a6ef407c69cad4d\" style=\"color:#88c645\"><strong>Neurochirurgie<\/strong><\/p>\n\n\n\n<blockquote class=\"wp-block-quote is-layout-flow wp-block-quote-is-layout-flow\">\n<p>Thorakale Hernien<\/p>\n\n\n\n<p>Lumbale Hernien<\/p>\n<\/blockquote>\n\n\n\n<p class=\"has-text-color has-link-color has-medium-font-size wp-elements-9df962d178bb7c428e97dabcbe323597\" style=\"color:#88c645\"><strong>Dermatologie<\/strong><\/p>\n\n\n\n<p class=\"has-text-color has-link-color has-medium-font-size wp-elements-a0c1dff02fe4fa4b9fc16f54c0c9adb8\" style=\"color:#88c645\"><strong><strong>Kardiologie<\/strong><\/strong><\/p>\n\n\n\n<blockquote class=\"wp-block-quote is-layout-flow wp-block-quote-is-layout-flow\">\n<p>EKG<\/p>\n\n\n\n<p>Echokardiogramm<\/p>\n<\/blockquote>\n\n\n\n<p class=\"has-text-color has-link-color has-medium-font-size wp-elements-70ddff5cd3bdde1276453d2e3ff57616\" style=\"color:#88c645\"><strong>Ophthalmologie<\/strong><\/p>\n","protected":false},"excerpt":{"rendered":"<p>Unsere Dienstleistungen rund um ihr Haustier In unserer Einrichtung werden alle Standardleistungen durchgef\u00fchrt \u2013 nicht nur allgemeine Untersuchungen, sondern auch fach\u00e4rztliche Untersuchungen wie: orthop\u00e4dische, kardiologische, otologische, dermatologische, augen\u00e4rztliche und neurologische &#8230;<\/p>\n","protected":false},"author":2,"featured_media":0,"parent":0,"menu_order":0,"comment_status":"closed","ping_status":"closed","template":"","meta":{"footnotes":""},"class_list":["post-104","page","type-page","status-publish","hentry"],"_links":{"self":[{"href":"https:\/\/clinicamarlengo.it\/index.php?rest_route=\/wp\/v2\/pages\/104","targetHints":{"allow":["GET"]}}],"collection":[{"href":"https:\/\/clinicamarlengo.it\/index.php?rest_route=\/wp\/v2\/pages"}],"about":[{"href":"https:\/\/clinicamarlengo.it\/index.php?rest_route=\/wp\/v2\/types\/page"}],"author":[{"embeddable":true,"href":"https:\/\/clinicamarlengo.it\/index.php?rest_route=\/wp\/v2\/users\/2"}],"replies":[{"embeddable":true,"href":"https:\/\/clinicamarlengo.it\/index.php?rest_route=%2Fwp%2Fv2%2Fcomments&post=104"}],"version-history":[{"count":16,"href":"https:\/\/clinicamarlengo.it\/index.php?rest_route=\/wp\/v2\/pages\/104\/revisions"}],"predecessor-version":[{"id":502,"href":"https:\/\/clinicamarlengo.it\/index.php?rest_route=\/wp\/v2\/pages\/104\/revisions\/502"}],"wp:attachment":[{"href":"https:\/\/clinicamarlengo.it\/index.php?rest_route=%2Fwp%2Fv2%2Fmedia&parent=104"}],"curies":[{"name":"wp","href":"https:\/\/api.w.org\/{rel}","templated":true}]}}